{"id":17,"date":"2022-05-24T23:48:45","date_gmt":"2022-05-24T23:48:45","guid":{"rendered":"https:\/\/heal-in-one.agrif.bg.ac.rs\/?page_id=17"},"modified":"2023-10-18T15:53:08","modified_gmt":"2023-10-18T15:53:08","slug":"partners","status":"publish","type":"page","link":"https:\/\/heal-in-one.agrif.bg.ac.rs\/?page_id=17","title":{"rendered":"Partners"},"content":{"rendered":"<style>\/*! elementor - v3.6.6 - 08-06-2022 *\/<br \/>\n.elementor-heading-title{padding:0;margin:0;line-height:1}.elementor-widget-heading .elementor-heading-title[class*=elementor-size-]>a{color:inherit;font-size:inherit;line-height:inherit}.elementor-widget-heading .elementor-heading-title.elementor-size-small{font-size:15px}.elementor-widget-heading .elementor-heading-title.elementor-size-medium{font-size:19px}.elementor-widget-heading .elementor-heading-title.elementor-size-large{font-size:29px}.elementor-widget-heading .elementor-heading-title.elementor-size-xl{font-size:39px}.elementor-widget-heading .elementor-heading-title.elementor-size-xxl{font-size:59px}<\/style>\n<h2>Coordinator<\/h2>\n<h2>Partner institutions<\/h2>\n<p>Univerzitet u Beogradu, Belgrade, Republic of Serbia, <a href=\"http:\/\/www.bg.ac.rs\/en\/index.php\">http:\/\/www.bg.ac.rs\/en\/index.php<\/a><\/p>\n<ol>\n<li>Sveuciliste Josipa Jurja Strossmayera u Osijeku, Osijek, Croatia, <a href=\"http:\/\/www.unios.hr\">www.unios.hr<\/a><\/li>\n<li>Ss. Cyril and Methodius University in Skopje, Skopje, The Republic of North Macedonia, <a href=\"http:\/\/www.ukim.edu.mk\">www.ukim.edu.mk<\/a><\/li>\n<li>Trakiyski Universitet, Stara Zagora, Bulgaria, www.uni-sz.bg<\/li>\n<li>Obrazovni forum, Belgrade, Republic of Serbia, <a href=\"http:\/\/www.eduforum.rs\/\">http:\/\/www.eduforum.rs\/<\/a><\/li>\n<\/ol>\n<h2>Project Management<\/h2>\n<h2>Project Implementation Team<\/h2>\n<ol>\n<li>Prof. dr Slav\u010da Hristov<br \/>\n<a href=\"mailto:hristovs@agrif.bg.ac.rs\">hristovs@agrif.bg.ac.rs<\/a><\/li>\n<li>Prof. dr Vlatka Rozman<br \/>\n<a href=\"mailto:vlatka.rozman@fazos.hr\">vlatka.rozman@fazos.hr<\/a><\/li>\n<li>Prof dr Katerina Belicovska<br \/>\n<a href=\"mailto:kbelicovska@yahoo.com\">kbelicovska@yahoo.com<\/a><\/li>\n<li>Prof. dr Svetlana Yordanova Georgieva, PhD<br \/>\n<a href=\"mailto:maiilto:svetlana.georgieva8888@abv.bg\">svetlana.georgieva8888@abv.bg<\/a><\/li>\n<li>Prof. dr Ana Pe\u0161ikan<br \/>\n<a href=\"mailto:eduforum@sezampro.rs\">eduforum@sezampro.rs<\/a><\/li>\n<li>dr Ivana Stojiljkovi\u0107<br \/>\n<a href=\"mailto:ivana.stojiljkovic@sfb.bg.ac.rs\">ivana.stojiljkovic@sfb.bg.ac.rs<\/a><\/li>\n<\/ol>\n<h2>Partner Guides<\/h2>\n<p><a href=\"http:\/\/heal-in-one.agrif.bg.ac.rs\/wp-content\/uploads\/2022\/11\/Project-Management-and-Implementation.pdf\" target=\"_blank\" rel=\"noopener\">Project Management and Implementation<\/a><\/p>\n<h2>Project Quality<br \/>\nManagement Team<\/h2>\n<p><a href=\"http:\/\/heal-in-one.agrif.bg.ac.rs\/wp-content\/uploads\/2022\/06\/Partner-Guide.pdf\">Partner Guide<\/a><\/p>\n<p>1. Prof dr Du\u0161an \u017divkovi\u0107<br \/>\n<a href=\"mailto:office@agrif.bg.ac.rs\">office@agrif.bg.ac.rs<\/a><\/p>\n<p>2. Prof dr Vladan Bogdanovi\u0107<br \/>\n<a href=\"mailto:vlbogd@agrif.bg.ac.rs\">vlbogd@agrif.bg.ac.rs<\/a><\/p>\n<p>3.\u00a0Prof\u00a0 dr\u00a0Ivana Janeska\u00a0Stamenkovska,<br \/>\n<a href=\"mailto:ijaneska@fznh.ukim.edu.mk\" target=\"_blank\" rel=\"noopener\">ijaneska@fznh.ukim.edu.mk<\/a><br \/>\n<a style=\"font-size: 16px;\" href=\"mailto:ivanajaneska@yahoo.com\">ivanajaneska@yahoo.com<\/a><\/p>\n<p>4. Prof. dr. sc. Krunoslav Zmai\u0107<br \/>\n<a style=\"font-size: 16px;\" href=\"mailto:krunoslav.zmaic@fazos.hr\">krunoslav.zmaic@fazos.hr<\/a><\/p>\n<p>5. Zhulieta Kocherenko<br \/>\n<a href=\"mailto:julieta.kocherenko@trakia-uni.bg\">julieta.kocherenko@trakia-uni.bg<\/a><\/p>\n<p>6. Prof\u00a0 dr Slobodanka Anti\u0107<br \/>\n<a style=\"font-size: 16px;\" href=\"mailto:mail:Slobodank.antic@gmail.com\">Slobodank.antic@gmail.com<\/a><\/p>\n","protected":false},"excerpt":{"rendered":"<p>Coordinator Partner institutions Univerzitet u Beogradu, Belgrade, Republic of Serbia, http:\/\/www.bg.ac.rs\/en\/index.php Sveuciliste Josipa Jurja Strossmayera u Osijeku, Osijek, Croatia, www.unios.hr Ss. Cyril and Methodius University in Skopje, Skopje, The Republic of North Macedonia, www.ukim.edu.mk Trakiyski Universitet, Stara Zagora, Bulgaria, www.uni-sz.bg Obrazovni forum, Belgrade, Republic of Serbia, http:\/\/www.eduforum.rs\/ Project Management Project Implementation Team Prof. dr Slav\u010da [&hellip;]<\/p>\n","protected":false},"author":1,"featured_media":0,"parent":0,"menu_order":0,"comment_status":"closed","ping_status":"closed","template":"","meta":[],"_links":{"self":[{"href":"https:\/\/heal-in-one.agrif.bg.ac.rs\/index.php?rest_route=\/wp\/v2\/pages\/17"}],"collection":[{"href":"https:\/\/heal-in-one.agrif.bg.ac.rs\/index.php?rest_route=\/wp\/v2\/pages"}],"about":[{"href":"https:\/\/heal-in-one.agrif.bg.ac.rs\/index.php?rest_route=\/wp\/v2\/types\/page"}],"author":[{"embeddable":true,"href":"https:\/\/heal-in-one.agrif.bg.ac.rs\/index.php?rest_route=\/wp\/v2\/users\/1"}],"replies":[{"embeddable":true,"href":"https:\/\/heal-in-one.agrif.bg.ac.rs\/index.php?rest_route=%2Fwp%2Fv2%2Fcomments&post=17"}],"version-history":[{"count":41,"href":"https:\/\/heal-in-one.agrif.bg.ac.rs\/index.php?rest_route=\/wp\/v2\/pages\/17\/revisions"}],"predecessor-version":[{"id":739,"href":"https:\/\/heal-in-one.agrif.bg.ac.rs\/index.php?rest_route=\/wp\/v2\/pages\/17\/revisions\/739"}],"wp:attachment":[{"href":"https:\/\/heal-in-one.agrif.bg.ac.rs\/index.php?rest_route=%2Fwp%2Fv2%2Fmedia&parent=17"}],"curies":[{"name":"wp","href":"https:\/\/api.w.org\/{rel}","templated":true}]}}